In base 14, what is 274d39 + -7?
274d32
In base 3, what is -10 + 11022002121111?
11022002121101
In base 6, what is -10 + -10250211?
-10250221
In base 12, what is -2bb08a - 35?
-2bb103
In base 8, what is 5210024 - 133?
5207671
In base 12, what is -8839b + 426?
-87b75
In base 6, what is 22111521 + -513?
22111004
In base 13, what is 2 - -140b0242?
140b0244
In base 16, what is -1 - -1194dcf4?
1194dcf3
In base 15, what is 60 + -7e301?
-7e291
In base 12, what is 5 - 3bba68?
-3bba63
In base 12, what is 76 + -628966?
-6288b0
In base 2, what is 1111011100010010 + -1001111?
1111011011000011
In base 9, what is -222040 + 83?
-221846
In base 4, what is 11 + 2303320021?
2303320032
In base 12, what is 15 - -593310a?
5933123
In base 2, what is -1101 - -10001001000101001100?
10001001000100111111
In base 7, what is 5 + -31205324?
-31205316
In base 2, what is -1100000111001110100 - -100110?
-1100000111001001110
In base 8, what is -41571 - -153411?
111620
In base 10, what is 219 - 720937?
-720718
In base 14, what is 295abb - 3?
295ab8
In base 16, what is 124e + -37f?
ecf
In base 13, what is -3 - -491c4?
491c1
In base 5, what is -11131121 - -1134?
-11124432
In base 14, what is -d8b2 - 68?
-d93a
In base 9, what is 4 + 5484821?
5484825
In base 8, what is -2176312450 + 3?
-2176312445
In base 13, what is 1c685 - 17a9?
1aba9
In base 8, what is -41411262 - -42?
-41411220
In base 15, what is 4 + -e9a21?
-e9a1c
In base 5, what is 403 - 24423112?
-24422204
In base 10, what is 2 + 2275736?
2275738
In base 14, what is -1 - -7a6598?
7a6597
In base 13, what is -8a22 - 88?
-8aaa
In base 7, what is 556 - 43254365?
-43253506
In base 9, what is -2 - -764238?
764236
In base 8, what is 22151241 - 16?
22151223
In base 11, what is 499 - -57453?
57941
In base 2, what is -10 - 110001111000100100000011?
-110001111000100100000101
In base 13, what is -2aa26 - -10?
-2aa16
In base 5, what is -2314333341 + 0?
-2314333341
In base 11, what is -a2 + -17400?
-174a2
In base 15, what is 4 + -633b12?
-633b0d
In base 11, what is 1a - -20a6215?
20a6234
In base 10, what is 2173981 + 1?
2173982
In base 15, what is -3345c9 + -3?
-3345cc
In base 15, what is -730b + 274?
-7087
In base 14, what is -816d852 + 8?
-816d848
In base 7, what is -143033321 - 6?
-143033330
In base 10, what is 0 + -1001335?
-1001335
In base 4, what is 23230003122 - -2?
23230003130
In base 6, what is 20201132224 - -2?
20201132230
In base 6, what is 43134102 - -322?
43134424
In base 16, what is 9d + -11183?
-110e6
In base 8, what is -10546161 - 220?
-10546401
In base 14, what is 52aa4 - 1a6?
528dc
In base 4, what is -2220 + -1101220310?
-1101223130
In base 14, what is -142377 + -10?
-142387
In base 4, what is 10231113 + 3130000?
20021113
In base 11, what is -3aa0984 - 11?
-3aa0995
In base 13, what is 2cc891 - 2?
2cc88c
In base 13, what is 4090239 + 1?
409023a
In base 8, what is 2562574 - 24?
2562550
In base 7, what is -6 - 210161623?
-210161632
In base 10, what is -1 - 45811075?
-45811076
In base 11, what is 13499 - -1256?
14744
In base 3, what is 12111220201 - 1?
12111220200
In base 8, what is -352445 + -13?
-352460
In base 6, what is 11104431 - 302?
11104125
In base 4, what is 230123133 + 1220?
230131013
In base 12, what is -29a53230 + 0?
-29a53230
In base 9, what is -14 + 12210870?
12210855
In base 4, what is 10111330133 + 1?
10111330200
In base 10, what is 999 - -67702?
68701
In base 14, what is 1c - 44c6b?
-44c4d
In base 16, what is 6a + cb88?
cbf2
In base 11, what is 204a469 - 3?
204a466
In base 10, what is 8 - -297387?
297395
In base 15, what is 4 - 16ac95?
-16ac91
In base 13, what is 3c6 - -5c610?
5ca06
In base 5, what is -124 - 14443241?
-14443420
In base 15, what is 3941 - 1186?
27aa
In base 10, what is 10 + -11071541?
-11071531
In base 13, what is -44140a25 - -5?
-44140a20
In base 8, what is -172632 + 530?
-172102
In base 12, what is -558 - -85596?
8503a
In base 5, what is -1323414114 + 2?
-1323414112
In base 13, what is 46a4 + 1296c?
17343
In base 12, what is -3 - -155b286?
155b283
In base 10, what is -1718 + 15684?
13966
In base 5, what is -22010220430 + -40?
-22010221020
In base 8, what is -32 - 30377?
-30431
In base 2, what is -11110001111010010 - -10110101?
-11110001100011101
In base 9, what is 0 + -5625268?
-5625268
In base 7, what is -22 - -41053?
41031
In base 10, what is -19 - 859855?
-859874
In base 14, what is -3 + -2a13882?
-2a13885
In base 11, what is 31a - 39634?
-39315
In base 16, what is 3be + -a85d?
-a49f
In base 15, what is 4 + -2b6907?
-2b6903
In base 3, what is -101021210022 + 11102?
-101021121220
In base 6, what is -53 + 321124114?
321124021
In base 4, what is -13302120 + 10322?
-13231132
In base 14, what is -44 + -40cc4?
-40d28
In base 12, what is -625113a - -4?
-6251136
In base 3, what is -10 - -122100001110011?
122100001110001
In base 5, what is 0 - 111233040333?
-111233040333
In base 13, what is -11b - -7b2?
694
In base 12, what is -1248 + 12893?
11647
In base 8, what is 2 + 1126210?
1126212
In base 11, what is 14930164 + 4?
14930168
In base 15, what is b05 + a3e?
1644
In base 2, what is 10001000010101000110 + 10100?
10001000010101011010
In base 2, what is 1 + -110111101000010011100011100?
-110111101000010011100011011
In base 8, what is -507 + -2106322?
-2107031
In base 11, what is 6231243 + -a?
6231234
In base 5, what is 12122 - -32043010?
32110132
In base 11, what is -12 + -1582a10?
-1582a22
In base 8, what is -4 - -10240430?
10240424
In base 15, what is -3b0e5 - -66?
-3b07e
In base 8, what is 13516314 - 6?
13516306
In base 16, what is 58138 - 1f?
58119
In base 2, what is 10111101001001 + 10000010000?
11001101011001
In base 13, what is 3333b5 + 139?
333521
In base 11, what is -3858 - -253?
-3605
In base 5, what is -12233114 + 44?
-12233020
In base 11, what is -77 + 3374?
32a8
In base 8, what is -660442 + 251?
-660171
In base 8, what is 151063 - -121?
151204
In base 16, what is 3161e - -34e?
3196c
In base 5, what is 304 + 1034000441?
1034001300
In base 4, what is -121 + 1002102103?
1002101322
In base 7, what is -200452216 - 1?
-200452220
In base 9, what is -1 + -60548268?
-60548270
In base 5, what is 32000404 - -12003?
32012412
In base 2, what is 101100111010111 + -10000011?
101100101010100
In base 15, what is 8b - 1b825?
-1b789
In base 9, what is -482627 - 477?
-483215
In base 10, what is 6880541 - 64?
6880477
In base 15, what is 1330da2 - -2?
1330da4
In base 15, what is 3 - -2000688?
200068b
In base 14, what is 9454d - 53?
944da
In base 11, what is aa982 + 13a2?
101274
In base 2, what is -1000010001000000001110011 - 0?
-1000010001000000001110011
In base 3, what is -2 + 1100220022212?
1100220022210
In base 6, what is -3043 - 200555?
-204042
In base 15, what is -1 + de1c9c?
de1c9b
In base 15, what is 31 + 4d7902?
4d7933
In base 12, what is -1824b9545 - -4?
-1824b9541
In base 15, what is -422 - -3097?
2b75
In base 4, what is 1233121002 - -3220?
1233130222
In base 6, what is -442153513 - 0?
-442153513
In base 10, what is -15 - 347993?
-348008
In base 2, what is -1011111011000111011010 - -1011?
-1011111011000111001111
In base 9, what is -1 - 76642474?
-76642475
In base 13, what is -109050b7 + 5?
-109050b2
In base 16, what is 2fa759 - -7?
2fa760
In base 9, what is -31 + -1235267?
-1235308
In base 10, what is 96781 + 66?
96847
In base 11, what is -164 + -8776a?
-87923
In base 10, what is 13831663 - 52?
13831611
In base 14, what is 22a013 - 44?
229dad
In base 4, what is -1121033 - 310232?
-2031331
In base 16, what is 3 + 48e5cb1?
48e5cb4
In base 5, what is 2 + 133403204012?
133403204014
In base 16, what is 1 - 1d6eaa8?
-1d6eaa7
In base 8, what is -374 - -16141?
15545
In base 9, what is -832318 - 2258?
-834577
In base 3, what is -121102221200 - 10?
-121102221210
In base 13, what is 3a0b81 - 22?
3a0b5c
In base 3, what is 221001211 + 10001220?
1001010201
In base 15, what is -4 + -17b7e1e?
-17b7e23
In base 9, what is 1212 + -107846?
-106634
In base 11, what is 79226 - -6?
79231
In base 8, what is -211 + -22611052?
-22611263
In base 2, what is -1110111010 + 1011100100001010101?
1011100010010011011
In base 4, what is 10333 - -1230010231?
1230021230
In base 12, what is 753594a + -3?
7535947
In base 15, what is -323b74 - 3?
-323b77
In base 16, what is -899d97 + e?
-899d89
In base 14, what is -c607c2 - -116?